t is the units digit of ((-144)/(-84))/(j/14)?
2
Suppose -5*o - 2*r = -6*r - 9, -5*o + 37 = 3*r. Suppose 2*g - 5*a + 22 = 0, g + 2*a + o - 12 = 0. What is the units digit of -2*(2/4)/g?
1
Suppose 53*i - 226 = 51*i. What is the units digit of i?
3
Let f = 27 + -7. What is the tens digit of f?
2
Let p(v) = -5*v - 1. Let n be p(2). What is the tens digit of 15/10*(1 - n)?
1
Let z(x) = x**2 + 7*x + 3. Let t be z(-6). What is the units digit of ((-2)/t)/((-2)/(-3))?
1
Suppose -5 = 5*o - 20. What is the units digit of 1/o*(12 - 0)?
4
Let m = 10 + -3. What is the units digit of m?
7
Let l = 91 - -2. What is the tens digit of l?
9
Suppose -6 = -2*v + 2. Let d be 15/v*16/6. Suppose -11 = -2*j + 5*t, -5*t + d = j + 4*j. What is the units digit of j?
3
Let a = -62 - -118. What is the tens digit of a?
5
What is the units digit of 14/3 - 7/(-21)?
5
Let o be -39 + (2 + -2)/(-1). Let f = 24 - o. Suppose -5*c = -5*s + 3 - f, -4*s = 0. What is the tens digit of c?
1
Let x(s) = -s + 13. Let p be x(10). Let o be (-48)/(-9)*(-3)/(-2). Suppose p*a - 23 = -o. What is the units digit of a?
5
Let c(t) = 23*t**3 - t**2 + t. Let n be c(1). Suppose 4*y + n = 2*l - y, 23 = 5*l - y. Let b = l - -5. What is the units digit of b?
9
Let k = -349 + 581. What is the tens digit of k?
3
Let m be ((-7)/(-4))/((-2)/(-8)). Let y(b) = -b**2 - 9*b + 4. Let i(j) = -2*j**2 - 10*j + 4. Let r(x) = -2*i(x) + 3*y(x). What is the units digit of r(m)?
4
Let h(f) = f. Let n(w) = 6. Let g(k) = 2*h(k) - n(k). What is the units digit of g(9)?
2
Suppose 0 = 5*g - 0*g - 30. Suppose -17 + g = -a - 3*v, 5*v - 9 = -a. What is the units digit of a?
4
Let i(z) = 17*z**2 - 10*z - 37. What is the hundreds digit of i(-4)?
2
Suppose 5*c - 10*c = 4*d - 41, c + 4*d = 21. What is the units digit of c?
5
Let t = -26 - -47. What is the tens digit of t?
2
Let k be 22 + -4 + (2 - 0). Let d = k - 14. What is the units digit of d?
6
Suppose 24 = -5*z - 31. What is the units digit of (4/(-4))/(1/z)?
1
Suppose i - 4*d - 7 = -3*d, -4*i = -d - 13. Suppose -8 = -t + f, -2*f - i = -4*t + 28. What is the units digit of t?
7
Suppose 4*n + 4*x = 3*n + 7, 3*n = -x + 10. Suppose k - 4*k = -n. Suppose -b + k = -4. What is the units digit of b?
5
Suppose -y = 2*y + w + 38, 5*y - 3*w + 82 = 0. What is the units digit of (-314)/y - (-30)/(-70)?
2
Let p = 18 - 7. Suppose 0 = -j + p + 2. What is the tens digit of j?
1
Suppose -5*q - 12 = 3. Let g(l) = -7*l. Let p be g(q). Let y = p - 15. What is the units digit of y?
6
Let i = 1 - 1. Let f = 92 - 52. Suppose i = -4*b + f - 12. What is the units digit of b?
7
Let v = -10 - -7. Let g(c) = -c**3 - 4*c**2 - 5*c - 2. Let f be g(v). Suppose -f*t + 2*b = t - 85, 5*b = -3*t + 51. What is the tens digit of t?
1
Let c(x) = -x**3 + 9*x**2 + x - 11. Let o be c(9). Let k(w) = w**3 + 4*w**2 - w - 2. Let l be k(o). Suppose 2*i = 20 + l. What is the units digit of i?
4
Suppose -3*j = 2*o - 2*j - 20, 0 = -5*j. Suppose -n - 7 = -4. Let f = n + o. What is the units digit of f?
7
Let k(b) = b**2 - b + 10. Let d be k(0). Let v = 24 - d. Suppose 0 = q - v + 3. What is the units digit of q?
1
Suppose -6*u = -u. Suppose f - 17 + 2 = u. What is the tens digit of f?
1
Let z(h) = -35*h**2 - 2*h. Let b be z(-1). Let v = b - -54. What is the tens digit of v?
2
Let c be 2/(-11) + (-488)/(-22). Suppose -c = -g - 7. What is the tens digit of g?
1
Let y(t) = t**2 + 3*t. Let j be y(-3). Suppose -4*n - 3*p + 33 = j, 2*n - 16 = -2*p - 2. What is the tens digit of n?
1
Suppose 0 = 3*j - 2*m - 150 - 19, 0 = 5*j - 3*m - 281. What is the units digit of j?
5
Suppose 3*s = -s, -3*s = 5*b - 1485. What is the hundreds digit of b?
2
Let f(p) = p - 4. Let z be (-2)/(1/((-27)/6)). Let v be f(z). Suppose 4*c - 30 = -v*l, 0*l + 18 = 3*l + 4*c. What is the units digit of l?
6
Suppose 4*z + 5*i - 1 = 0, -2*i + 7 = -4*z + i. Let t be -5*z/4*28. Suppose a = 6*a - t. What is the units digit of a?
7
Let b = 3 + 1. What is the units digit of (-5 + b)/((-2)/16)?
8
Suppose 24 = 2*c - 2. Suppose 2*o = 5*x + 25 + c, o - 5*x - 29 = 0. Let g = 13 - o. What is the units digit of g?
4
Suppose -2*t - 5*t + 357 = 0. What is the tens digit of t?
5
Suppose 7*v - 31 = -3*w + 3*v, 20 = -4*v. What is the units digit of w?
7
Suppose -3*o + 7*o - 156 = 0. What is the units digit of o?
9
Let a(r) be the first derivative of r**4/4 - 2*r**3/3 - r**2/2 - 3*r + 3. What is the tens digit of a(4)?
2
Suppose -2*b - 4*c + 90 = 0, -c + 56 = 5*b - 178. Suppose -3*a - 2 + b = 0. What is the tens digit of a?
1
Let k(u) = u - 5. Let j be k(5). Suppose -x + 22 - 5 = j. What is the units digit of x?
7
Let a = -2 + -4. Let r be a/15 - (-44)/10. Suppose r*b - 28 = -0*b. What is the units digit of b?
7
Suppose 45 - 487 = -2*m. What is the tens digit of m?
2
Let s(n) = n**2 - 7*n - 3. Suppose -2*f + 27 = 3*x, -4*x + 10 = 4*f - 26. What is the tens digit of s(x)?
1
Suppose -b - 4*r = -3*r - 9, 3*b = 3*r + 3. Suppose 8 = 5*w - 3*f, -4*f + 3*f = 1. Let z = w + b. What is the units digit of z?
6
Let q(d) = -d**3 + 2*d**2 + 1. Let l be q(3). What is the units digit of (-46)/(-6) + l/12?
7
Let x be (-8)/(-10)*15/6. Let q = x + 2. Suppose q*b + 27 - 71 = 0. What is the units digit of b?
1
Let d = 9 - 5. Suppose 2*p = -2*l - 8, -2*p - 7 = -d*p + l. What is the units digit of p?
1
What is the tens digit of (-128)/(1*-4)*1?
3
Suppose -3 - 4 = -3*x + 2*i, 5*x = -2*i + 17. Suppose x - 5 = -t. What is the units digit of -3*(t + (-3 - 0))?
3
Let g = 265 - 183. Suppose -2*r = 3*o - 30 - 28, -4*o + 2*r = -g. What is the tens digit of o?
2
Suppose -k + 3*s = -18, -s + 0 = 2*k - 8. Let g = k - 14. What is the tens digit of (9/3)/((-2)/g)?
1
Suppose 4*n + 72 - 28 = 0. Let c = -8 - n. Suppose -6*g + c*g = -3. What is the units digit of g?
1
Let w(z) be the first derivative of -8/3*z**3 + 12*z - 9/2*z**2 + 1/4*z**4 - 4. What is the tens digit of w(9)?
1
Let i = 1 + 2. Suppose 0 = -g - i*g - 5*d + 45, 25 = 3*g + 2*d. Suppose 0 = -s - g*y + 10 + 5, 0 = -3*y + 6. What is the units digit of s?
5
Suppose -c + 4*v = c + 44, -4*v = -4*c - 100. Let t be (1 + 0)*-2 - c. Let n = t + -18. What is the units digit of n?
8
Let u(z) = z + 1. Let k(o) = -2*o - 1. Let t(g) = k(g) + 5*u(g). What is the tens digit of t(3)?
1
Let r(q) = 2*q**2 - 5*q - 11. What is the units digit of r(6)?
1
Let o = -1 - 10. Let u = 22 + o. What is the units digit of u?
1
Let v = -16 - -103. Suppose -5*r = -2*r - v. What is the tens digit of r?
2
Let d(u) = -u**2 - u + 28. What is the units digit of d(0)?
8
Let m(g) = g**3 + 8*g**2 + 6*g - 3. Let u be m(-7). Suppose 2*k - 38 = 4*b, k - 75 = -u*k + 5*b. What is the tens digit of k?
1
Suppose -5*p + 0*h - 2*h + 239 = 0, 0 = 5*p - 4*h - 227. What is the units digit of p?
7
Let h(z) = 8*z**2 + z. Let f be h(-1). Let j(l) be the third derivative of -l**5/60 + l**4/3 - l**3 + 6*l**2. What is the units digit of j(f)?
1
Let i = 8 - 6. Suppose 4*z - 77 = 5*q - 10*q, 0 = -i*z + 5*q + 61. What is the tens digit of z?
2
What is the tens digit of 23 + (-4)/(-1) + 1?
2
Let k be -2 + (3/1 - 0). Let n be -2 - (-1 + 0 + k). What is the units digit of n/6 - (-80)/15?
5
Let a be (-5)/2*(-20)/25. Suppose -f = -n + 2*n - 16, -a*n = 6. What is the tens digit of 3*6/(-9) + f?
1
What is the units digit of (1/(-1))/(3/(-24))?
8
Let i(c) = 8*c - 19. Suppose -4*v + 56 = 20. What is the tens digit of i(v)?
5
Let o(c) = c**2 + 9*c - 4. Let i(k) = -4*k**2 - 26*k + 11. Let y(g) = -6*i(g) - 17*o(g). What is the units digit of y(-2)?
4
Let x = 10 + -8. Suppose -x*d - 3*d = -5. What is the units digit of d?
1
Let d(s) = s - 2. Let l be d(5). Suppose l*c + 2*c = 20. What is the units digit of c?
4
Let q = 13 + -12. Suppose g = 3*g. What is the units digit of 3 + q + g + 0?
4
Suppose -150 = u - 6*u. Let j = -7 - 13. Let i = u + j. What is the tens digit of i?
1
What is the units digit of 4/(-32) - (-2564)/32?
0
Let j(y) = 7*y**2 - 7*y - 8*y**2 + 0 - 5. Let c = 2 - 6. What is the units digit of j(c)?
7
Suppose 4*u - 212 = -0*u. Let b = u - 38. What is the tens digit of b?
1
Suppose 96 = 4*c + 2*v, 4*c + v - 3*v = 96. Suppose 0 = -3*h + c + 45. What is the tens digit of h?
2
Suppose 5*j + 8 + 2 = 0. Let f = j + 42. Suppose -z - 3*z + f = 0. What is the units digit of z?
0
Suppose 18 = a - 3*h, 2*a - 4*h = 39 + 5. 